[INFO] cloning repository https://github.com/mollynova/RaverCube
[INFO] running `Command { std: "git" "-c" "credential.helper=" "-c" "credential.helper=/workspace/cargo-home/bin/git-credential-null" "clone" "--bare" "https://github.com/mollynova/RaverCube" "/workspace/cache/git-repos/https%3A%2F%2Fgithub.com%2Fmollynova%2FRaverCube", kill_on_drop: false }`
[INFO] [stderr] Cloning into bare repository '/workspace/cache/git-repos/https%3A%2F%2Fgithub.com%2Fmollynova%2FRaverCube'...
[INFO] running `Command { std: "git" "rev-parse" "HEAD", kill_on_drop: false }`
[INFO] [stdout] f90538c16b9be1c49d85680a1f553410f6e5ec83
[INFO] checking mollynova/RaverCube against master#af3c6e733a40e671550e0f0f5aeecaa13772ba56 for pr-74989
[INFO] running `Command { std: "git" "clone" "/workspace/cache/git-repos/https%3A%2F%2Fgithub.com%2Fmollynova%2FRaverCube" "/workspace/builds/worker-5/source", kill_on_drop: false }`
[INFO] [stderr] Cloning into '/workspace/builds/worker-5/source'...
[INFO] [stderr] done.
[INFO] [stderr] Checking out files:  95% (19/20)   
Checking out files: 100% (20/20)   
Checking out files: 100% (20/20), done.
[INFO] validating manifest of git repo https://github.com/mollynova/RaverCube on toolchain af3c6e733a40e671550e0f0f5aeecaa13772ba56
[INFO] running `Command { std: "/workspace/cargo-home/bin/cargo" "+af3c6e733a40e671550e0f0f5aeecaa13772ba56" "read-manifest" "--manifest-path" "Cargo.toml", kill_on_drop: false }`
[INFO] started tweaking git repo https://github.com/mollynova/RaverCube
[INFO] removed path dependency hound from git repo https://github.com/mollynova/RaverCube
[INFO] removed path dependency num from git repo https://github.com/mollynova/RaverCube
[INFO] removed path dependency rppal from git repo https://github.com/mollynova/RaverCube
[INFO] removed path dependency rustfft from git repo https://github.com/mollynova/RaverCube
[INFO] finished tweaking git repo https://github.com/mollynova/RaverCube
[INFO] tweaked toml for git repo https://github.com/mollynova/RaverCube written to /workspace/builds/worker-5/source/Cargo.toml
[INFO] crate git repo https://github.com/mollynova/RaverCube already has a lockfile, it will not be regenerated
[INFO] running `Command { std: "/workspace/cargo-home/bin/cargo" "+af3c6e733a40e671550e0f0f5aeecaa13772ba56" "fetch" "--locked" "--manifest-path" "Cargo.toml", kill_on_drop: false }`
[INFO] [stderr] warning: dependency (hound) specified without providing a local path, Git repository, or version to use. This will be considered an error in future versions
[INFO] [stderr]     Blocking waiting for file lock on package cache
[INFO] [stderr]     Updating crates.io index
[INFO] [stderr] error: the lock file /workspace/builds/worker-5/source/Cargo.lock needs to be updated but --locked was passed to prevent this
[INFO] [stderr] If you want to try to generate the lock file without accessing the network, use the --offline flag.
[INFO] the lockfile is outdated, regenerating it
[INFO] running `Command { std: "/workspace/cargo-home/bin/cargo" "+af3c6e733a40e671550e0f0f5aeecaa13772ba56" "generate-lockfile" "--manifest-path" "Cargo.toml" "-Zno-index-update", kill_on_drop: false }`
[INFO] running `Command { std: "/workspace/cargo-home/bin/cargo" "+af3c6e733a40e671550e0f0f5aeecaa13772ba56" "fetch" "--locked" "--manifest-path" "Cargo.toml", kill_on_drop: false }`
[INFO] [stderr] warning: dependency (hound) specified without providing a local path, Git repository, or version to use. This will be considered an error in future versions
[INFO] running `Command { std: "docker" "create" "-v" "/var/lib/crater-agent-workspace/builds/worker-5/target:/opt/rustwide/target:rw,Z" "-v" "/var/lib/crater-agent-workspace/builds/worker-5/source:/opt/rustwide/workdir:ro,Z" "-v" "/var/lib/crater-agent-workspace/cargo-home:/opt/rustwide/cargo-home:ro,Z" "-v" "/var/lib/crater-agent-workspace/rustup-home:/opt/rustwide/rustup-home:ro,Z" "-e" "SOURCE_DIR=/opt/rustwide/workdir" "-e" "CARGO_TARGET_DIR=/opt/rustwide/target" "-e" "CARGO_HOME=/opt/rustwide/cargo-home" "-e" "RUSTUP_HOME=/opt/rustwide/rustup-home" "-w" "/opt/rustwide/workdir" "-m" "1610612736" "--user" "0:0" "--network" "none" "rustops/crates-build-env@sha256:d92eaeed33fa75130ca1ee6c8a01d1ffb62bac859dfdfb3450e3e5d1c0146529" "/opt/rustwide/cargo-home/bin/cargo" "+af3c6e733a40e671550e0f0f5aeecaa13772ba56" "metadata" "--no-deps" "--format-version=1", kill_on_drop: false }`
[INFO] [stdout] 7e7678ae1457b1880346fcf49025f1c600936b1690a355b54a9458135885e821
[INFO] [stderr] WARNING: Your kernel does not support swap limit capabilities or the cgroup is not mounted. Memory limited without swap.
[INFO] running `Command { std: "docker" "start" "-a" "7e7678ae1457b1880346fcf49025f1c600936b1690a355b54a9458135885e821", kill_on_drop: false }`
[INFO] running `Command { std: "docker" "inspect" "7e7678ae1457b1880346fcf49025f1c600936b1690a355b54a9458135885e821", kill_on_drop: false }`
[INFO] running `Command { std: "docker" "rm" "-f" "7e7678ae1457b1880346fcf49025f1c600936b1690a355b54a9458135885e821", kill_on_drop: false }`
[INFO] [stdout] 7e7678ae1457b1880346fcf49025f1c600936b1690a355b54a9458135885e821
[INFO] running `Command { std: "docker" "create" "-v" "/var/lib/crater-agent-workspace/builds/worker-5/target:/opt/rustwide/target:rw,Z" "-v" "/var/lib/crater-agent-workspace/builds/worker-5/source:/opt/rustwide/workdir:ro,Z" "-v" "/var/lib/crater-agent-workspace/cargo-home:/opt/rustwide/cargo-home:ro,Z" "-v" "/var/lib/crater-agent-workspace/rustup-home:/opt/rustwide/rustup-home:ro,Z" "-e" "SOURCE_DIR=/opt/rustwide/workdir" "-e" "CARGO_TARGET_DIR=/opt/rustwide/target" "-e" "CARGO_INCREMENTAL=0" "-e" "RUST_BACKTRACE=full" "-e" "RUSTFLAGS=--cap-lints=forbid" "-e" "CARGO_HOME=/opt/rustwide/cargo-home" "-e" "RUSTUP_HOME=/opt/rustwide/rustup-home" "-w" "/opt/rustwide/workdir" "-m" "1610612736" "--user" "0:0" "--network" "none" "rustops/crates-build-env@sha256:d92eaeed33fa75130ca1ee6c8a01d1ffb62bac859dfdfb3450e3e5d1c0146529" "/opt/rustwide/cargo-home/bin/cargo" "+af3c6e733a40e671550e0f0f5aeecaa13772ba56" "check" "--frozen" "--all" "--all-targets" "--message-format=json", kill_on_drop: false }`
[INFO] [stdout] f6842286ada22f1fbe5233df17b4f8bdd4405989eca27c7b2467314f1aa53911
[INFO] [stderr] WARNING: Your kernel does not support swap limit capabilities or the cgroup is not mounted. Memory limited without swap.
[INFO] running `Command { std: "docker" "start" "-a" "f6842286ada22f1fbe5233df17b4f8bdd4405989eca27c7b2467314f1aa53911", kill_on_drop: false }`
[INFO] [stderr] warning: dependency (hound) specified without providing a local path, Git repository, or version to use. This will be considered an error in future versions
[INFO] [stderr]     Checking lazy_static v1.4.0
[INFO] [stderr]     Checking strength_reduce v0.2.3
[INFO] [stderr]     Checking transpose v0.1.0
[INFO] [stderr]    Compiling num-bigint v0.2.6
[INFO] [stderr]    Compiling num-complex v0.2.4
[INFO] [stderr]    Compiling num-iter v0.1.41
[INFO] [stderr]    Compiling num-rational v0.2.4
[INFO] [stderr]     Checking rppal v0.11.3
[INFO] [stderr]     Checking rustfft v3.0.1
[INFO] [stderr]     Checking num v0.2.1
[INFO] [stderr]     Checking RaverCube v0.1.0 (/opt/rustwide/workdir)
[INFO] [stdout] warning: unused import: `std::f64`
[INFO] [stdout]  --> tests/pitest.rs:1:5
[INFO] [stdout]   |
[INFO] [stdout] 1 | use std::f64;
[INFO] [stdout]   |     ^^^^^^^^
[INFO] [stdout]   |
[INFO] [stdout]   = note: `#[warn(unused_imports)]` on by default
[INFO] [stdout] 
[INFO] [stdout] 
[INFO] [stdout] warning: unused import: `hound`
[INFO] [stdout]  --> tests/pitest.rs:3:5
[INFO] [stdout]   |
[INFO] [stdout] 3 | use hound;
[INFO] [stdout]   |     ^^^^^
[INFO] [stdout] 
[INFO] [stdout] 
[INFO] [stdout] warning: 2 warnings emitted
[INFO] [stdout] 
[INFO] [stdout] 
[INFO] [stdout] warning: unused import: `rppal::gpio::Gpio`
[INFO] [stdout]  --> src/hardware/gpio.rs:2:5
[INFO] [stdout]   |
[INFO] [stdout] 2 | use rppal::gpio::Gpio;
[INFO] [stdout]   |     ^^^^^^^^^^^^^^^^^
[INFO] [stdout]   |
[INFO] [stdout]   = note: `#[warn(unused_imports)]` on by default
[INFO] [stdout] 
[INFO] [stdout] 
[INFO] [stdout] error[E0432]: unresolved import `RaverCube`
[INFO] [stdout]  --> tests/raver_cube.rs:1:5
[INFO] [stdout]   |
[INFO] [stdout] 1 | use RaverCube::test_rppal;
[INFO] [stdout]   |     ^^^^^^^^^ use of undeclared type or module `RaverCube`
[INFO] [stdout] 
[INFO] [stdout] 
[INFO] [stdout] error: aborting due to previous error
[INFO] [stdout] 
[INFO] [stdout] 
[INFO] [stdout] error[E0433]: failed to resolve: use of undeclared type or module `thread`
[INFO] [stdout]   --> src/main.rs:23:3
[INFO] [stdout]    |
[INFO] [stdout] 23 |   thread::sleep(Duration::from_millis(250));
[INFO] [stdout]    |   ^^^^^^ use of undeclared type or module `thread`
[INFO] [stdout] 
[INFO] [stdout] 
[INFO] [stdout] For more information about this error, try `rustc --explain E0432`.
[INFO] [stdout] 
[INFO] [stdout] error[E0433]: failed to resolve: use of undeclared type or module `thread`
[INFO] [stdout]   --> src/main.rs:28:3
[INFO] [stdout]    |
[INFO] [stdout] 28 |   thread::sleep(Duration::from_millis(2000));
[INFO] [stdout]    |   ^^^^^^ use of undeclared type or module `thread`
[INFO] [stdout] 
[INFO] [stdout] 
[INFO] [stderr] error: could not compile `RaverCube`.
[INFO] [stderr] 
[INFO] [stderr] To learn more, run the command again with --verbose.
[INFO] [stderr] warning: build failed, waiting for other jobs to finish...
[INFO] [stdout] error[E0433]: failed to resolve: use of undeclared type or module `Duration`
[INFO] [stdout]   --> src/main.rs:23:17
[INFO] [stdout]    |
[INFO] [stdout] 23 |   thread::sleep(Duration::from_millis(250));
[INFO] [stdout]    |                 ^^^^^^^^ not found in this scope
[INFO] [stdout]    |
[INFO] [stdout] help: consider importing one of these items
[INFO] [stdout]    |
[INFO] [stdout] 4  | use core::time::Duration;
[INFO] [stdout]    |
[INFO] [stdout] 4  | use crate::hardware::gpio::Duration;
[INFO] [stdout]    |
[INFO] [stdout] 4  | use std::time::Duration;
[INFO] [stdout]    |
[INFO] [stdout] 
[INFO] [stdout] 
[INFO] [stdout] error[E0433]: failed to resolve: use of undeclared type or module `Duration`
[INFO] [stdout]   --> src/main.rs:28:17
[INFO] [stdout]    |
[INFO] [stdout] 28 |   thread::sleep(Duration::from_millis(2000));
[INFO] [stdout]    |                 ^^^^^^^^ not found in this scope
[INFO] [stdout]    |
[INFO] [stdout] help: consider importing one of these items
[INFO] [stdout]    |
[INFO] [stdout] 4  | use core::time::Duration;
[INFO] [stdout]    |
[INFO] [stdout] 4  | use crate::hardware::gpio::Duration;
[INFO] [stdout]    |
[INFO] [stdout] 4  | use std::time::Duration;
[INFO] [stdout]    |
[INFO] [stdout] 
[INFO] [stdout] 
[INFO] [stdout] warning: unused import: `rppal::gpio::Gpio`
[INFO] [stdout]  --> src/hardware/gpio.rs:2:5
[INFO] [stdout]   |
[INFO] [stdout] 2 | use rppal::gpio::Gpio;
[INFO] [stdout]   |     ^^^^^^^^^^^^^^^^^
[INFO] [stdout]   |
[INFO] [stdout]   = note: `#[warn(unused_imports)]` on by default
[INFO] [stdout] 
[INFO] [stdout] 
[INFO] [stdout] warning: unused import: `rustfft::FFT`
[INFO] [stdout]   --> src/main.rs:11:5
[INFO] [stdout]    |
[INFO] [stdout] 11 | use rustfft::FFT;
[INFO] [stdout]    |     ^^^^^^^^^^^^
[INFO] [stdout] 
[INFO] [stdout] 
[INFO] [stdout] warning: value assigned to `color` is never read
[INFO] [stdout]   --> src/main.rs:57:9
[INFO] [stdout]    |
[INFO] [stdout] 57 |     let mut color = 0;
[INFO] [stdout]    |         ^^^^^^^^^
[INFO] [stdout]    |
[INFO] [stdout]    = note: `#[warn(unused_assignments)]` on by default
[INFO] [stdout]    = help: maybe it is overwritten before being read?
[INFO] [stdout] 
[INFO] [stdout] 
[INFO] [stdout] warning: unused import: `rustfft::FFT`
[INFO] [stdout]   --> src/main.rs:11:5
[INFO] [stdout]    |
[INFO] [stdout] 11 | use rustfft::FFT;
[INFO] [stdout]    |     ^^^^^^^^^^^^
[INFO] [stdout] 
[INFO] [stdout] 
[INFO] [stdout] warning: crate `RaverCube` should have a snake case name
[INFO] [stdout]   |
[INFO] [stdout]   = note: `#[warn(non_snake_case)]` on by default
[INFO] [stdout]   = help: convert the identifier to snake case: `raver_cube`
[INFO] [stdout] 
[INFO] [stdout] 
[INFO] [stdout] error: aborting due to 4 previous errors; 2 warnings emitted
[INFO] [stdout] 
[INFO] [stdout] 
[INFO] [stdout] For more information about this error, try `rustc --explain E0433`.
[INFO] [stdout] 
[INFO] [stdout] warning: 4 warnings emitted
[INFO] [stdout] 
[INFO] [stdout] 
[INFO] [stderr] error: build failed
[INFO] running `Command { std: "docker" "inspect" "f6842286ada22f1fbe5233df17b4f8bdd4405989eca27c7b2467314f1aa53911", kill_on_drop: false }`
[INFO] running `Command { std: "docker" "rm" "-f" "f6842286ada22f1fbe5233df17b4f8bdd4405989eca27c7b2467314f1aa53911", kill_on_drop: false }`
[INFO] [stdout] f6842286ada22f1fbe5233df17b4f8bdd4405989eca27c7b2467314f1aa53911
